ose -8*n + j = -7*n. Calculate the remainder when 141 is divided by n.
13
Let j be (-2760)/(-14) + -2 + 6/(-42). Suppose -j = -5*y + 20. Suppose 11*m = 6*m + 45. Calculate the remainder when y is divided by m.
7
Let l = -11417 + 11516. Calculate the remainder when 335 is divided by l.
38
Suppose -16*q = -10*q - 84. Let r be -4*q - (-2 + 0). Let f = r + 76. What is the remainder when 108 is divided by f?
20
Suppose 5*y - 65 + 45 = 0, 3*m - 53914 = 2*y. What is the remainder when m is divided by 214?
212
Let y be -10 - (-1)/4*0. Let c be (-1)/(-2 - 15/y). Suppose -c*m - z + 30 = 4*z, -2*m + 4*z - 6 = 0. What is the remainder when 7 is divided by m?
2
Suppose -90*j + 3340 = 6*o - 91*j, -5*o = 2*j - 2806. What is the remainder when 1122 is divided by o?
6
Let j = -12180 - -12261. Calculate the remainder when j is divided by 1.
0
Suppose 29*u - 2*j = 26*u + 618, -3*u + 630 = 2*j. What is the remainder when u is divided by 4/(-18) - 816/(-27)?
28
Suppose 114*x = 110*x - 16. Calculate the remainder when 539 is divided by ((-1)/x + (-40)/(-32))*30.
44
Let r = 70 - 60. Suppose -88 = -k - 4*o + r, -4*k = -3*o - 335. What is the remainder when k is divided by 31?
24
Let v = 28 + -24. Calculate the remainder when 45 is divided by -4 - ((-11)/22 - 110/v).
21
Let w = 56 + 4. What is the remainder when w*(434/88 - 6/33) is divided by 72?
69
Suppose 113*w + 62560 = 283*w. Calculate the remainder when 1839 is divided by w.
367
Suppose 350*p - 11655 = 315*p. What is the remainder when p is divided by 10?
3
Let y(z) = 2*z**2 - z - 4. Let m = 23982 + -23802. Calculate the remainder when m is divided by y(6).
56
Suppose 0 = 4*z + 5*z - 1026. Calculate the remainder when z is divided by 79/2 - 7/14.
36
Calculate the remainder when 147 is divided by 9 - 0 - -1 - (-61 - -7).
19
Suppose 55*h = 279973 + 114927. What is the remainder when h is divided by 6?
4
Let u(t) = 1346*t + 2706. Calculate the remainder when 30 is divided by u(-2).
2
Let k(q) = -q**3 - 39*q**2 - 41*q - 66. What is the remainder when 1292 is divided by k(-38)?
44
Suppose -112 = -6*g - 10*g + 9*g. What is the remainder when g is divided by 8?
0
Let m = -1346 - -1366. What is the remainder when 695 is divided by m?
15
Suppose 2*h - 20*q - 800 = 0, -5*q + 18 = -17. Calculate the remainder when h is divided by 57.
14
Let d(b) = -10*b - 31. Suppose 3*v = u - 49, -2 = -v - 3. Calculate the remainder when d(-8) is divided by u.
3
What is the remainder when 105 is divided by 1/(10/56) + -5 - (-846)/15?
48
Let r be (31/(-4))/(1*(-7)/196). Let b = r - 97. What is the remainder when b is divided by 10?
0
Calculate the remainder when (3/3)/(8 - (-1848)/(-228))*-46 is divided by 183.
71
Suppose 116*w + 4*w - 274720 = 71720. Calculate the remainder when w is divided by 152.
151
Let c(f) = -22*f - 3. Let t(o) = 20*o**2 - 31*o - 121. Calculate the remainder when t(-3) is divided by c(-2).
29
Suppose -4*p + 3908 - 193 + 3373 = 0. Calculate the remainder when p is divided by 12.
8
Suppose -204*t = -209*t - 4770. Calculate the remainder when 74 is divided by (-2)/6*t/6.
21
Let p(d) = -d**3 - 16*d**2 + 9*d + 235. Calculate the remainder when 400 is divided by p(-16).
36
Let z(o) = 6*o + 23. Let w be z(-1). Suppose w*g = 16*g + 9. Suppose -4*r + 0*u + 119 = -3*u, 4*u - 12 = 0. Calculate the remainder when r is divided by g.
5
Let p(d) = -d**2 + d + 7. Let m be p(-4). Let a be (-3 - m/3)*3. Suppose -n + 50 = a. Calculate the remainder when n is divided by 24.
22
Let i = 54 - -24. Let q = -8857 + 8867. What is the remainder when i is divided by q?
8
Let k be 1/(-6) + (-10)/((-60)/19). What is the remainder when 20 is divided by (-29 - -14)*1/k*-2?
0
Let h(f) = -223*f - 1229. Calculate the remainder when 323 is divided by h(-6).
105
Let p(t) = -62*t - 54. Let s be p(-4). Let z = s + -110. What is the remainder when z is divided by 15?
9
Calculate the remainder when 204 is divided by 2/4*182*1 + -2 + 2.
22
Calculate the remainder when (-3 + 7 - 5)*-401 is divided by 14.
9
Let w(o) = 12*o - 521. Calculate the remainder when 393 is divided by w(50).
77
Let x be (-8)/(-2) - (-408)/(-8). Let g = x - -134. Suppose 12*i - 9*i - 66 = 0. What is the remainder when g is divided by i?
21
Suppose 30 = 5*u - 3*j, -4*u = 4*j + 2 + 6. Suppose 24 = u*o - o. Let g(v) = v**3 - 7*v**2 + 19*v - 171. What is the remainder when g(8) is divided by o?
9
Suppose 2*u = -7*u + 198. Suppose u*t - 18*t - 60 = 0. Suppose -2*i - 56 = -3*i. Calculate the remainder when i is divided by t.
11
Suppose 0 = 3*b + 4*h - 20, -3*h = b - 0*b - 15. Suppose 2*w + 147 - 247 = b. What is the remainder when w is divided by 14?
8
Suppose 25 = -4*q + 9*q. Suppose 6*y = q*y. Suppose 94 = 2*z - 4*a, y*a + 3*a - 27 = -z. What is the remainder when z is divided by 6?
3
Suppose -172*c + 1375 = -861. Calculate the remainder when 996 is divided by c.
8
Suppose 2 - 7 = -5*r, -r - 83 = -4*z. Calculate the remainder when 4 - -103 - 6/((-18)/(-15)) is divided by z.
18
Suppose -8 = 29*h - 33*h. Let x(r) = 7*r**2 - 12*r + 23. Calculate the remainder when 128 is divided by x(h).
20
Let w = 71 - 336. Let f = w + 292. Calculate the remainder when 134 is divided by f.
26
Suppose 5*g + 2 - 17 = -s, -s + 23 = g. Let b(k) = -2 + 88*k**3 - 4 + 15*k**2 - 87*k**3 + 18*k. What is the remainder when b(-13) is divided by s?
23
Suppose -2*g + 5*b + 85 = 0, -2*g + 4*b = -35 - 45. Suppose 0 = 3*s - 4*u - g, -8*s + 9*s = -u + 3. Calculate the remainder when 203 is divided by s.
5
Suppose 12*o + 28 = 14*o - 3*t, 0 = -5*o + t + 96. Calculate the remainder when o is divided by 15.
5
Suppose 24*k = x + 28*k - 66, 222 = 4*x + 2*k. Calculate the remainder when 471 is divided by x.
39
Let r(j) = -j**2 - 8*j + 6. Let z = -5 - 93. What is the remainder when (-8 - -2)/(21/z) is divided by r(-8)?
4
Let u = -463 + 508. What is the remainder when 271 - ((2 - -5) + -4) is divided by u?
43
What is the remainder when 42 is divided by 195*78/585*2/4?
3
Let t(j) = 10*j**3 - j - 9. Let i be t(-4). Let z = i + 713. Calculate the remainder when z is divided by 30.
8
Let h = -5939 + 10238. Calculate the remainder when 18/(-30) - (h/(-15) - -2) is divided by 17.
12
Suppose -w = -3*z + 2*z - 101, 95 = w + 5*z. Let j = 122 - w. What is the remainder when j is divided by (-45)/(-5) - 3*-1?
10
Suppose 2*a - 626 = -4*w, 2*a - 635 = w - 2*w. Let s = a + 353. Suppose 0 = -8*l - 4*l + s. What is the remainder when l is divided by 21?
14
What is the remainder when (11 - 8)*((-182)/(-3) + -1) is divided by 62?
55
Let j = 858 + -488. Suppose -4*p - j = -2*t, -t + 7*p + 182 = 2*p. What is the remainder when t is divided by 32?
27
Let u(t) = 17*t**2 - 438*t - 2191. What is the remainder when 430 is divided by u(-5)?
6
Suppose -5*d = -5*w + 605, -5*w - 5*d = -w - 475. Let q = 125 - w. What is the remainder when 274 is divided by (6/4)/(q - (-1371)/(-276))?
44
Let q = -129 + 133. Let v = 15 + -10. Suppose 4*k + 3*y = y + 182, -v*k = -q*y - 221. What is the remainder when 177 is divided by k?
42
Suppose 2*k - 213 = 4*k - 3*x, 5*x - 520 = 5*k. Let t = 174 + k. What is the remainder when t is divided by 38?
37
Suppose 3 = -z + 5. Suppose 2*q - 2*t + 10 = 0, z*q + q + 15 = -3*t. Let k(y) = -4*y - 7. What is the remainder when k(q) is divided by 8?
5
Let h = -3021 - -3679. What is the remainder when h is divided by 72?
10
Suppose -2*o + 8 = -70. Suppose 2*s = 3*n - 6*n + o, -63 = -2*s + 5*n. Let w(g) = 4*g**2 - 7*g - 27. Calculate the remainder when w(5) is divided by s.
14
Let z(d) = 451*d**2 - d + 19. Calculate the remainder when z(3) is divided by 24.
19
Suppose 3*y + 2*y = 3*o - 582, -4*o + y = -793. Suppose -4*s + o = -425. What is the remainder when s is divided by 20?
16
What is the remainder when 594 is divided by (-97 + 12)/5*-5?
84
Suppose 0 = -3*h - 9, 0*p = 5*p - 3*h - 49. Suppose 4*u - b - 42 = 0, 0 = -4*u + 3*b + 41 - 3. Calculate the remainder when -2*(2 + (-84)/p) is divided by u.
6
Let m = -349 - -1423. Suppose 39*h - m = 1500. Calculate the remainder when 124 is divided by h.
58
Suppose -19*u - 994 - 86 = -29*u. What is the remainder when 2050 is divided by u?
106
Suppose 1854 = -51*u + 69*u. Calculate the remainder when 460 is divided by u.
48
Let o be 4/(-8) + 38/4. Suppose -2*l + 89 = 7. What is the remainder when l